ctors of 46562?
2, 31, 751
What are the prime factors of 21735?
3, 5, 7, 23
List the prime factors of 81069.
3, 61, 443
List the prime factors of 3002.
2, 19, 79
List the prime factors of 2796.
2, 3, 233
List the prime factors of 3337.
47, 71
What are the prime factors of 477?
3, 53
What are the prime factors of 1632?
2, 3, 17
What are the prime factors of 13561?
71, 191
List the prime factors of 9236.
2, 2309
What are the prime factors of 15939?
3, 7, 11, 23
List the prime factors of 125818.
2, 7, 11, 19, 43
List the prime factors of 1021.
1021
List the prime factors of 16067.
16067
List the prime factors of 170.
2, 5, 17
List the prime factors of 361.
19
What are the prime factors of 6250?
2, 5
List the prime factors of 2379.
3, 13, 61
List the prime factors of 667.
23, 29
What are the prime factors of 3576?
2, 3, 149
List the prime factors of 44516.
2, 31, 359
What are the prime factors of 211?
211
List the prime factors of 26490.
2, 3, 5, 883
List the prime factors of 1302.
2, 3, 7, 31
List the prime factors of 17275.
5, 691
What are the prime factors of 9109?
9109
What are the prime factors of 6050?
2, 5, 11
List the prime factors of 96264.
2, 3, 7, 191
List the prime factors of 1416.
2, 3, 59
List the prime factors of 7777.
7, 11, 101
List the prime factors of 24143.
7, 3449
What are the prime factors of 7267?
13, 43
List the prime factors of 183.
3, 61
List the prime factors of 2038.
2, 1019
What are the prime factors of 5041?
71
List the prime factors of 1266.
2, 3, 211
List the prime factors of 47458.
2, 61, 389
List the prime factors of 2998.
2, 1499
List the prime factors of 41037.
3, 13679
List the prime factors of 48.
2, 3
What are the prime factors of 34438?
2, 67, 257
What are the prime factors of 4675?
5, 11, 17
What are the prime factors of 48702?
2, 3, 8117
What are the prime factors of 52731?
3, 7, 31
What are the prime factors of 10801?
7, 1543
List the prime factors of 376.
2, 47
List the prime factors of 1036.
2, 7, 37
What are the prime factors of 473?
11, 43
What are the prime factors of 13999?
13999
What are the prime factors of 6534?
2, 3, 11
What are the prime factors of 48705?
3, 5, 17, 191
What are the prime factors of 22242?
2, 3, 11, 337
What are the prime factors of 26028?
2, 3, 241
List the prime factors of 2988.
2, 3, 83
What are the prime factors of 15000?
2, 3, 5
What are the prime factors of 570?
2, 3, 5, 19
What are the prime factors of 3210?
2, 3, 5, 107
What are the prime factors of 1962?
2, 3, 109
What are the prime factors of 1027?
13, 79
List the prime factors of 1242.
2, 3, 23
List the prime factors of 807.
3, 269
What are the prime factors of 2261?
7, 17, 19
List the prime factors of 3444.
2, 3, 7, 41
What are the prime factors of 2598?
2, 3, 433
List the prime factors of 12917.
12917
List the prime factors of 11892.
2, 3, 991
What are the prime factors of 564?
2, 3, 47
List the prime factors of 75937.
75937
What are the prime factors of 169?
13
List the prime factors of 114535.
5, 22907
List the prime factors of 1536.
2, 3
What are the prime factors of 12673?
19, 23, 29
List the prime factors of 23063.
23063
List the prime factors of 3553.
11, 17, 19
List the prime factors of 578.
2, 17
What are the prime factors of 32881?
131, 251
What are the prime factors of 1022?
2, 7, 73
List the prime factors of 1524.
2, 3, 127
List the prime factors of 19259.
19259
List the prime factors of 925.
5, 37
List the prime factors of 5480.
2, 5, 137
What are the prime factors of 87040?
2, 5, 17
What are the prime factors of 11112?
2, 3, 463
What are the prime factors of 95?
5, 19
What are the prime factors of 10215?
3, 5, 227
What are the prime factors of 148274?
2, 7, 17, 89
What are the prime factors of 65243?
53, 1231
What are the prime factors of 369?
3, 41
List the prime factors of 2957.
2957
List the prime factors of 13500.
2, 3, 5
What are the prime factors of 157?
157
What are the prime factors of 2156?
2, 7, 11
List the prime factors of 69098.
2, 34549
What are the prime factors of 9417?
3, 43, 73
List the prime factors of 23129.
101, 229
List the prime factors of 5592.
2, 3, 233
What are the prime factors of 4392?
2, 3, 61
List the prime factors of 49254.
2, 3, 8209
List the prime factors of 9140.
2, 5, 457
List the prime factors of 7795.
5, 1559
What are the prime factors of 113540?
2, 5, 7, 811
List the prime factors of 2268.
2, 3, 7
List the prime factors of 330.
2, 3, 5, 11
What are the prime factors of 760?
2, 5, 19
List the prime factors of 5823.
3, 647
List the prime factors of 14994.
2, 3, 7, 17
List the prime factors of 3702.
2, 3, 617
List the prime factors of 8508.
2, 3, 709
List the prime factors of 11444.
2, 2861
List the prime factors of 8944.
2, 13, 43
What are the prime factors of 3555?
3, 5, 79
What are the prime factors of 1282?
2, 641
List the prime factors of 4184.
2, 523
What are the prime factors of 28828?
2, 7207
What are the prime factors of 54749?
53, 1033
List the prime factors of 6926.
2, 3463
What are the prime factors of 8239?
7, 11, 107
List the prime factors of 408.
2, 3, 17
What are the prime factors of 5610?
2, 3, 5, 11, 17
What are the prime factors of 456?
2, 3, 19
List the prime factors of 145202.
2, 79, 919
List the prime factors of 421.
421
List the prime factors of 8891.
17, 523
What are the prime factors of 3057?
3, 1019
What are the prime factors of 311?
311
List the prime factors of 10964.
2, 2741
List the prime factors of 50599.
50599
List the prime factors of 273.
3, 7, 13
List the prime factors of 2174.
2, 1087
List the prime factors of 149723.
7, 73, 293
What are the prime factors of 7641?
3, 283
List the prime factors of 1551.
3, 11, 47
What are the prime factors of 15287?
15287
What are the prime factors of 9944?
2, 11, 113
List the prime factors of 90345.
3, 5, 19, 317
List the prime factors of 10190.
2, 5, 1019
What are the prime factors of 881?
881
List the prime factors of 22039.
22039
List the prime factors of 23490.
2, 3, 5, 29
What are the prime factors of 40476?
2, 3, 3373
List the prime factors of 35960.
2, 5, 29, 31
What are the prime factors of 1308?
2, 3, 109
List the prime factors of 3338.
2, 1669
List the prime factors of 12394.
2, 6197
List the prime factors of 14377.
11, 1307
List the prime factors of 8628.
2, 3, 719
What are the prime factors of 3785?
5, 757
What are the prime factors of 18169?
18169
What are the prime factors of 6030?
2, 3, 5, 67
List the prime factors of 287.
7, 41
What are the prime factors of 25964?
2, 6491
List the prime factors of 12872.
2, 1609
What are the prime factors of 49314?
2, 3, 8219
List the prime factors of 37562.
2, 7, 2683
What are the prime factors of 3001?
3001
What are the prime factors of 84340?
2, 5, 4217
What are the prime factors of 6691?
6691
What are the prime factors of 6286?
2, 7, 449
What are the prime factors of 9792?
2, 3, 17
What are the prime factors of 36087?
3, 23, 523
What are the prime factors of 1033?
1033
What are the prime factors of 47173?
7, 23, 293
What are the prime factors of 26993?
26993
List the prime factors of 7146.
2, 3, 397
List the prime factors of 1886.
2, 23, 41
What are the prime factors of 6734?
2, 7, 13, 37
List the prime factors of 7271.
11, 661
List the prime factors of 9958.
2, 13, 383
What are the prime factors of 32140?
2, 5, 1607
List the prime factors of 5486.
2, 13, 211
List the prime factors of 11362.
2, 13, 19, 23
What are the prime factors of 13688?
2, 29, 59
List the prime factors of 128696.
2, 16087
List the prime factors of 1259.
1259
List the prime factors of 1406.
2, 19, 37
What are the prime factors of 6168?
2, 3, 257
List the prime factors of 1409.
1409
List the prime factors of 4303.
13, 331
List the prime factors of 3238.
2, 1619
List the prime factors of 25112.
2, 43, 73
List the prime factors of 27118.
2, 7, 13, 149
What are the prime factors of 2224?
2, 139
List the prime factors of 33.
3, 11
List the prime factors of 25481.
83, 307
List the prime factors of 876.
2, 3, 73
List the prime factors of 20339.
11, 43
List the prime factors of 1019.
1019
What are the prime factors of 1032?
2, 3, 43
List the prime factors of 4236.
2, 3, 353
List the prime factors of 2402.
2, 1201
List the prime factors of 11265.
3, 5, 751
List the prime factors of